{"id":8,"date":"2016-07-11T13:00:37","date_gmt":"2016-07-11T13:00:37","guid":{"rendered":"http:\/\/www.full-parallax-imaging.eu\/TS3\/?page_id=8"},"modified":"2018-01-29T07:58:41","modified_gmt":"2018-01-29T07:58:41","slug":"organisation","status":"publish","type":"page","link":"https:\/\/www.full-parallax-imaging.eu\/TS5\/organisation\/","title":{"rendered":"Organisation"},"content":{"rendered":"<p><img data-recalc-dims=\"1\" decoding=\"async\" loading=\"lazy\" class=\"alignnone size-full wp-image-82\" src=\"https:\/\/i0.wp.com\/www.full-parallax-imaging.eu\/TS5\/wp-content\/uploads\/2018\/01\/MI7A1095_850x250.jpg?resize=625%2C184\" alt=\"\" width=\"625\" height=\"184\" srcset=\"https:\/\/i0.wp.com\/www.full-parallax-imaging.eu\/TS5\/wp-content\/uploads\/2018\/01\/MI7A1095_850x250.jpg?w=850&amp;ssl=1 850w, https:\/\/i0.wp.com\/www.full-parallax-imaging.eu\/TS5\/wp-content\/uploads\/2018\/01\/MI7A1095_850x250.jpg?resize=300%2C88&amp;ssl=1 300w, https:\/\/i0.wp.com\/www.full-parallax-imaging.eu\/TS5\/wp-content\/uploads\/2018\/01\/MI7A1095_850x250.jpg?resize=768%2C226&amp;ssl=1 768w, https:\/\/i0.wp.com\/www.full-parallax-imaging.eu\/TS5\/wp-content\/uploads\/2018\/01\/MI7A1095_850x250.jpg?resize=624%2C184&amp;ssl=1 624w\" sizes=\"auto, (max-width: 625px) 100vw, 625px\" \/><\/p>\n<h2>Contacts<\/h2>\n<p><strong>General inquiries:<\/strong> <a href=\"mailto:marten.sjostrom@miun.se\" target=\"_blank\" rel=\"noopener\">M\u00e5rten Sj\u00f6str\u00f6m<\/a><br \/>\n<strong>Finance and registration:<\/strong> <a href=\"mailto:Annika.Berggren@miun.se\">Annika Berggren<\/a><\/p>\n<h2>Organising Committee<\/h2>\n<p><a href=\"https:\/\/www.miun.se\/en\/personnel\/martensjostrom\/\"><strong><img data-recalc-dims=\"1\" decoding=\"async\" loading=\"lazy\" class=\"alignleft size-thumbnail wp-image-196\" src=\"https:\/\/i0.wp.com\/www.full-parallax-imaging.eu\/TS5\/wp-content\/uploads\/2018\/01\/marsjo-e1516809775745-150x150.jpg?resize=150%2C150\" alt=\"\" width=\"150\" height=\"150\" srcset=\"https:\/\/i0.wp.com\/www.full-parallax-imaging.eu\/TS5\/wp-content\/uploads\/2018\/01\/marsjo-e1516809775745.jpg?resize=150%2C150&amp;ssl=1 150w, https:\/\/i0.wp.com\/www.full-parallax-imaging.eu\/TS5\/wp-content\/uploads\/2018\/01\/marsjo-e1516809775745.jpg?resize=300%2C300&amp;ssl=1 300w, https:\/\/i0.wp.com\/www.full-parallax-imaging.eu\/TS5\/wp-content\/uploads\/2018\/01\/marsjo-e1516809775745.jpg?w=336&amp;ssl=1 336w\" sizes=\"auto, (max-width: 150px) 100vw, 150px\" \/><\/strong><\/a><\/p>\n<p><a href=\"https:\/\/www.miun.se\/en\/personnel\/martensjostrom\/\" target=\"_blank\" rel=\"noopener\"><strong><br \/>\nM\u00e5rten Sj\u00f6str\u00f6m<\/strong><\/a>, Professor in Signal Processing. Senior member of IEEE. Head of research group Realistic 3D at Mid Sweden University, with focus on Multidimensional signal processing and imaging (3D and Light field video capture, processing, compression, rendering and quality assessment). Previously chair (main organizer) of EU COST Training School on Plenoptic Capture, Processing and Reconstruction 2013, Co-applicant and WP-leader of European Training Network for Full Parallax Imaging, publication chair and tutorial chair at 3DTV-conference at different occasions.<\/p>\n<p>&nbsp;<\/p>\n<p><a href=\"https:\/\/www.miun.se\/en\/personnel\/rogerolsson\/\" target=\"_blank\" rel=\"noopener\"><strong><img data-recalc-dims=\"1\" decoding=\"async\" loading=\"lazy\" class=\"alignleft size-thumbnail wp-image-197\" src=\"https:\/\/i0.wp.com\/www.full-parallax-imaging.eu\/TS5\/wp-content\/uploads\/2018\/01\/rogols.jpg?resize=150%2C150\" alt=\"Roger Olsson\" width=\"150\" height=\"150\" srcset=\"https:\/\/i0.wp.com\/www.full-parallax-imaging.eu\/TS5\/wp-content\/uploads\/2018\/01\/rogols.jpg?resize=150%2C150&amp;ssl=1 150w, https:\/\/i0.wp.com\/www.full-parallax-imaging.eu\/TS5\/wp-content\/uploads\/2018\/01\/rogols.jpg?resize=350%2C353&amp;ssl=1 350w, https:\/\/i0.wp.com\/www.full-parallax-imaging.eu\/TS5\/wp-content\/uploads\/2018\/01\/rogols.jpg?zoom=2&amp;resize=150%2C150 300w\" sizes=\"auto, (max-width: 150px) 100vw, 150px\" \/><br \/>\nRoger Olsson<\/strong><\/a>, senior researcher(PhD) in Telecommunications. Co-founder of research group Realistic 3D. Co-supervisor of PhD students. Research interests in Computational Photography; 3D rendering, Multi-view and Light field videocompression.Member of the IEEE.<\/p>\n<h3><\/h3>\n<h3><\/h3>\n<h2>Advisory board<\/h2>\n<p><a href=\"https:\/\/www.linkedin.com\/in\/atanasgotchev\/\" target=\"_blank\" rel=\"noopener\"><strong>Prof. Atanas Gotchev<\/strong><\/a>, Tampere University of Technology, Finland<br \/>\n<a href=\"https:\/\/www.linkedin.com\/in\/manuel-martinez-corral-aa48b819\/\" target=\"_blank\" rel=\"noopener\"><strong>Prof. Manuel Martinez-Corral<\/strong><\/a>, University of Valencia, Spain<br \/>\n<a href=\"http:\/\/www.mip.informatik.uni-kiel.de\/tiki-index.php?page=Reinhard+Koch\" target=\"_blank\" rel=\"noopener\"><strong>Prof. Reinhard Koch<\/strong><\/a>, Christian-Albrechts-University of Kiel, Germany<br \/>\n<a href=\"https:\/\/www.linkedin.com\/in\/jenny-read-813a5ba\/\" target=\"_blank\" rel=\"noopener\"><strong>Prof. Jenny Read<\/strong><\/a>, Newcastle University, UK<\/p>\n<p>&nbsp;<\/p>\n<table>\n<tbody>\n<tr>\n<td><img data-recalc-dims=\"1\" decoding=\"async\" loading=\"lazy\" class=\"aligncenter wp-image-67\" src=\"https:\/\/i0.wp.com\/www.full-parallax-imaging.eu\/wp-content\/uploads\/2015\/11\/EU_flag-300x201.jpg?resize=50%2C34\" alt=\"EU_flag\" width=\"50\" height=\"34\" \/><\/td>\n<td style=\"vertical-align: middle;\">ETN-FPI (Project number 676401) is funded under the H2020-MSCA-ITN-2015 call and is part of the Marie Sklodowska-Curie Actions \u2014 Innovative Training Networks (ITN) funding scheme<\/td>\n<\/tr>\n<\/tbody>\n<\/table>\n","protected":false},"excerpt":{"rendered":"<p>Contacts General inquiries: M\u00e5rten Sj\u00f6str\u00f6m Finance and registration: Annika Berggren Organising Committee M\u00e5rten Sj\u00f6str\u00f6m, Professor in Signal Processing. Senior member of IEEE. Head of research group Realistic 3D at Mid Sweden University, with focus on Multidimensional signal processing and imaging (3D and Light field video capture, processing, compression, rendering and quality assessment). Previously chair (main [&hellip;]<\/p>\n","protected":false},"author":1,"featured_media":0,"parent":0,"menu_order":0,"comment_status":"closed","ping_status":"closed","template":"","meta":{"nf_dc_page":"","footnotes":""},"class_list":["post-8","page","type-page","status-publish","hentry"],"yoast_head":"<!-- This site is optimized with the Yoast SEO plugin v26.9 - https:\/\/yoast.com\/product\/yoast-seo-wordpress\/ -->\n<title>Organisation - Training School on &quot;&quot;<\/title>\n<meta name=\"robots\" content=\"noindex, follow, max-snippet:-1, max-image-preview:large, max-video-preview:-1\" \/>\n<meta property=\"og:locale\" content=\"en_US\" \/>\n<meta property=\"og:type\" content=\"article\" \/>\n<meta property=\"og:title\" content=\"Organisation - Training School on &quot;&quot;\" \/>\n<meta property=\"og:description\" content=\"Contacts General inquiries: M\u00e5rten Sj\u00f6str\u00f6m Finance and registration: Annika Berggren Organising Committee M\u00e5rten Sj\u00f6str\u00f6m, Professor in Signal Processing. Senior member of IEEE. Head of research group Realistic 3D at Mid Sweden University, with focus on Multidimensional signal processing and imaging (3D and Light field video capture, processing, compression, rendering and quality assessment). Previously chair (main [&hellip;]\" \/>\n<meta property=\"og:url\" content=\"https:\/\/www.full-parallax-imaging.eu\/TS5\/organisation\/\" \/>\n<meta property=\"og:site_name\" content=\"Training School on &quot;&quot;\" \/>\n<meta property=\"article:modified_time\" content=\"2018-01-29T07:58:41+00:00\" \/>\n<meta property=\"og:image\" content=\"http:\/\/www.full-parallax-imaging.eu\/TS5\/wp-content\/uploads\/2018\/01\/MI7A1095_850x250.jpg\" \/>\n<meta name=\"twitter:card\" content=\"summary_large_image\" \/>\n<meta name=\"twitter:label1\" content=\"Est. reading time\" \/>\n\t<meta name=\"twitter:data1\" content=\"1 minute\" \/>\n<script type=\"application\/ld+json\" class=\"yoast-schema-graph\">{\"@context\":\"https:\/\/schema.org\",\"@graph\":[{\"@type\":\"WebPage\",\"@id\":\"https:\/\/www.full-parallax-imaging.eu\/TS5\/organisation\/\",\"url\":\"https:\/\/www.full-parallax-imaging.eu\/TS5\/organisation\/\",\"name\":\"Organisation - Training School on &quot;&quot;\",\"isPartOf\":{\"@id\":\"https:\/\/www.full-parallax-imaging.eu\/TS5\/#website\"},\"primaryImageOfPage\":{\"@id\":\"https:\/\/www.full-parallax-imaging.eu\/TS5\/organisation\/#primaryimage\"},\"image\":{\"@id\":\"https:\/\/www.full-parallax-imaging.eu\/TS5\/organisation\/#primaryimage\"},\"thumbnailUrl\":\"http:\/\/www.full-parallax-imaging.eu\/TS5\/wp-content\/uploads\/2018\/01\/MI7A1095_850x250.jpg\",\"datePublished\":\"2016-07-11T13:00:37+00:00\",\"dateModified\":\"2018-01-29T07:58:41+00:00\",\"inLanguage\":\"en-US\",\"potentialAction\":[{\"@type\":\"ReadAction\",\"target\":[\"https:\/\/www.full-parallax-imaging.eu\/TS5\/organisation\/\"]}]},{\"@type\":\"ImageObject\",\"inLanguage\":\"en-US\",\"@id\":\"https:\/\/www.full-parallax-imaging.eu\/TS5\/organisation\/#primaryimage\",\"url\":\"https:\/\/i0.wp.com\/www.full-parallax-imaging.eu\/TS5\/wp-content\/uploads\/2018\/01\/MI7A1095_850x250.jpg?fit=850%2C250&ssl=1\",\"contentUrl\":\"https:\/\/i0.wp.com\/www.full-parallax-imaging.eu\/TS5\/wp-content\/uploads\/2018\/01\/MI7A1095_850x250.jpg?fit=850%2C250&ssl=1\",\"width\":850,\"height\":250},{\"@type\":\"WebSite\",\"@id\":\"https:\/\/www.full-parallax-imaging.eu\/TS5\/#website\",\"url\":\"https:\/\/www.full-parallax-imaging.eu\/TS5\/\",\"name\":\"Training School on &quot;&quot;\",\"description\":\"\",\"potentialAction\":[{\"@type\":\"SearchAction\",\"target\":{\"@type\":\"EntryPoint\",\"urlTemplate\":\"https:\/\/www.full-parallax-imaging.eu\/TS5\/?s={search_term_string}\"},\"query-input\":{\"@type\":\"PropertyValueSpecification\",\"valueRequired\":true,\"valueName\":\"search_term_string\"}}],\"inLanguage\":\"en-US\"}]}<\/script>\n<!-- \/ Yoast SEO plugin. -->","yoast_head_json":{"title":"Organisation - Training School on &quot;&quot;","robots":{"index":"noindex","follow":"follow","max-snippet":"max-snippet:-1","max-image-preview":"max-image-preview:large","max-video-preview":"max-video-preview:-1"},"og_locale":"en_US","og_type":"article","og_title":"Organisation - Training School on &quot;&quot;","og_description":"Contacts General inquiries: M\u00e5rten Sj\u00f6str\u00f6m Finance and registration: Annika Berggren Organising Committee M\u00e5rten Sj\u00f6str\u00f6m, Professor in Signal Processing. Senior member of IEEE. Head of research group Realistic 3D at Mid Sweden University, with focus on Multidimensional signal processing and imaging (3D and Light field video capture, processing, compression, rendering and quality assessment). Previously chair (main [&hellip;]","og_url":"https:\/\/www.full-parallax-imaging.eu\/TS5\/organisation\/","og_site_name":"Training School on &quot;&quot;","article_modified_time":"2018-01-29T07:58:41+00:00","og_image":[{"url":"http:\/\/www.full-parallax-imaging.eu\/TS5\/wp-content\/uploads\/2018\/01\/MI7A1095_850x250.jpg","type":"","width":"","height":""}],"twitter_card":"summary_large_image","twitter_misc":{"Est. reading time":"1 minute"},"schema":{"@context":"https:\/\/schema.org","@graph":[{"@type":"WebPage","@id":"https:\/\/www.full-parallax-imaging.eu\/TS5\/organisation\/","url":"https:\/\/www.full-parallax-imaging.eu\/TS5\/organisation\/","name":"Organisation - Training School on &quot;&quot;","isPartOf":{"@id":"https:\/\/www.full-parallax-imaging.eu\/TS5\/#website"},"primaryImageOfPage":{"@id":"https:\/\/www.full-parallax-imaging.eu\/TS5\/organisation\/#primaryimage"},"image":{"@id":"https:\/\/www.full-parallax-imaging.eu\/TS5\/organisation\/#primaryimage"},"thumbnailUrl":"http:\/\/www.full-parallax-imaging.eu\/TS5\/wp-content\/uploads\/2018\/01\/MI7A1095_850x250.jpg","datePublished":"2016-07-11T13:00:37+00:00","dateModified":"2018-01-29T07:58:41+00:00","inLanguage":"en-US","potentialAction":[{"@type":"ReadAction","target":["https:\/\/www.full-parallax-imaging.eu\/TS5\/organisation\/"]}]},{"@type":"ImageObject","inLanguage":"en-US","@id":"https:\/\/www.full-parallax-imaging.eu\/TS5\/organisation\/#primaryimage","url":"https:\/\/i0.wp.com\/www.full-parallax-imaging.eu\/TS5\/wp-content\/uploads\/2018\/01\/MI7A1095_850x250.jpg?fit=850%2C250&ssl=1","contentUrl":"https:\/\/i0.wp.com\/www.full-parallax-imaging.eu\/TS5\/wp-content\/uploads\/2018\/01\/MI7A1095_850x250.jpg?fit=850%2C250&ssl=1","width":850,"height":250},{"@type":"WebSite","@id":"https:\/\/www.full-parallax-imaging.eu\/TS5\/#website","url":"https:\/\/www.full-parallax-imaging.eu\/TS5\/","name":"Training School on &quot;&quot;","description":"","potentialAction":[{"@type":"SearchAction","target":{"@type":"EntryPoint","urlTemplate":"https:\/\/www.full-parallax-imaging.eu\/TS5\/?s={search_term_string}"},"query-input":{"@type":"PropertyValueSpecification","valueRequired":true,"valueName":"search_term_string"}}],"inLanguage":"en-US"}]}},"jetpack_sharing_enabled":true,"_links":{"self":[{"href":"https:\/\/www.full-parallax-imaging.eu\/TS5\/wp-json\/wp\/v2\/pages\/8","targetHints":{"allow":["GET"]}}],"collection":[{"href":"https:\/\/www.full-parallax-imaging.eu\/TS5\/wp-json\/wp\/v2\/pages"}],"about":[{"href":"https:\/\/www.full-parallax-imaging.eu\/TS5\/wp-json\/wp\/v2\/types\/page"}],"author":[{"embeddable":true,"href":"https:\/\/www.full-parallax-imaging.eu\/TS5\/wp-json\/wp\/v2\/users\/1"}],"replies":[{"embeddable":true,"href":"https:\/\/www.full-parallax-imaging.eu\/TS5\/wp-json\/wp\/v2\/comments?post=8"}],"version-history":[{"count":19,"href":"https:\/\/www.full-parallax-imaging.eu\/TS5\/wp-json\/wp\/v2\/pages\/8\/revisions"}],"predecessor-version":[{"id":298,"href":"https:\/\/www.full-parallax-imaging.eu\/TS5\/wp-json\/wp\/v2\/pages\/8\/revisions\/298"}],"wp:attachment":[{"href":"https:\/\/www.full-parallax-imaging.eu\/TS5\/wp-json\/wp\/v2\/media?parent=8"}],"curies":[{"name":"wp","href":"https:\/\/api.w.org\/{rel}","templated":true}]}}